What is x(l)?
20
Let l(x) = -108 + 162 - 8*x - 53. Suppose 2*t + 1 = -1. What is l(t)?
9
Suppose 4*h - 5*l + 11 = 0, 4*h + 5*l + 25 - 4 = 0. Let o(a) be the third derivative of -a**5/30 - a**4/4 - a**3 + 8*a**2. Calculate o(h).
-14
Let h(w) = w**2 - 3*w - 52. Let x be h(-6). Let z(j) be the first derivative of j - 1/4*j**4 - 7/2*j**x - 7/3*j**3 - 10. Determine z(-5).
-14
Let c(x) = -x**3 - 3*x**2 + x - 6. Let w(h) be the second derivative of -h**4/12 - h**3/3 + 2*h - 13. Let y(j) = -c(j) - 4*w(j). Calculate y(-6).
0
Let y(k) = k + 49. Let t be ((-597)/33 - (129/33 + -4)) + 4. What is y(t)?
35
Suppose -87*f + 14 = 2*k - 90*f, 0 = -k + 2*f + 8. Let m(w) = w**2 - 3*w - 1. What is m(k)?
3
Let f(d) = -6*d + 6. Let j(y) = 2*y**2 + 9*y - 12. Let w = 396 - 402. Let q be j(w). Give f(q).
-30
Let u(q) = 74*q - 7 - 199*q + 55*q + 64*q. Give u(-10).
53
Suppose f - 6 = -2*f. Let h(g) = 249*g + 5. Let n(a) = -312*a - 5. Let q(d) = -5*h(d) - 4*n(d). Determine q(f).
1
Let y(v) = 4*v - 1. Let b = 255 + -70. Suppose 11*c - b = 16*c. Let t = c - -38. What is y(t)?
3
Let u(q) = q. Suppose -46*v + 50*v - k = 20, 2*v + 4*k = -8. Suppose -2*z + 1 = -v*s + 33, -4*s = 4*z - 44. Give u(s).
9
Let g(k) be the first derivative of 24*k - k**2 + 71 - 10*k - 10*k. Suppose 40 + 0 = 8*c. What is g(c)?
-6
Let g(z) = z**2 - 7*z + 9. Let i = 1461 + -1458. What is g(i)?
-3
Let r(s) = -2*s**2 + s + 2. Let d(y) = 12*y + 4 + 3*y**2 + 10*y**2 + y**3 - 39*y**2 + 11*y**2. Let q be d(14). Let i be (6/8)/((-6)/q). What is r(i)?
-13
Let o(i) = 9*i**2 - 21*i + 49. Let h(w) = -25*w**2 + 63*w - 147. Let z(s) = 4*h(s) + 11*o(s). Calculate z(20).
-29
Let k(d) be the first derivative of 5*d**3/3 - 5*d**2/2 - 12*d - 154. Let h(l) = 12*l**2 - 10*l - 25. Let f(q) = -2*h(q) + 5*k(q). Determine f(7).
4
Let f(d) = -3*d + 947 - 239 - 224 - 239 - 216. Calculate f(11).
-4
Let a(t) = t**3 - t**2 + 5*t + 3. Let v(l) = 3*l**2 - 153*l + 4. Let f be v(51). What is a(f)?
71
Let i(w) = -4*w + 4. Let x(t) be the third derivative of 0*t - 1/8*t**4 + 0 + 6*t**2 + 1/2*t**3. Let h(r) = 5*i(r) - 7*x(r). Determine h(0).
-1
Let q(r) = r**3 + r + 1. Let s(k) = 3*k**3 + 5*k**2 - 3*k + 5. Let w = -24 - -26. Let o(a) = w*q(a) - s(a). Calculate o(-4).
-39
Let i(g) = -2*g + 26. Let a be 2*(18/(-33) + ((-61)/(-11) - 1)). What is i(a)?
10
Let a(x) be the third derivative of x**4/12 + 6*x**3 - 6*x**2. Let v be a(-19). Let u be v + (-7)/((-21)/(-12)). Let k(p) = -p**2 - 7*p. Calculate k(u).
6
Let j(l) = 52 - 31 + 12*l + 11*l**2 + 0*l**2. Let s(y) = -5*y**2 - 6*y - 10. Let p(r) = -4*j(r) - 9*s(r). Determine p(-4).
-2
Let h(v) = -6*v - 172. Let s be h(-28). Let k(t) = 4*t**2 + 20*t + 25. Let r be k(s). Let p(y) = -y**2 + 9*y + 1. Determine p(r).
1
Let z(v) be the third derivative of v**5/60 - v**4/6 + 2*v**3/3 + 17*v**2. Let n be z(6). Let w(x) = 32*x - 15*x - n*x + 4. What is w(-8)?
-4
Let o(i) = 6 - 4*i - 8*i**2 - 3*i + i**3 - 2*i. Suppose 0 = 44*r - 48*r + 4*a, -r + 45 = 4*a. Determine o(r).
6
Suppose m - 5*s = -14, 2*m - s + 2 = 19. Suppose m*j - 16 = 3*j. Let l(p) be the second derivative of 7*p**4/12 - p**3/3 - p**2 - p. Give l(j).
22
Let a(q) = -12*q - 14. Let w be (-21*(-19)/399)/(1 + 0 - 2). What is a(w)?
-2
Let v(d) be the second derivative of -d**5/120 - d**4/8 - d**3/6 + 32*d**2 + 22*d + 3. Let r(q) be the second derivative of v(q). What is r(5)?
-8
Let p(u) = -2*u + u + 2*u - 11 + 3. Suppose -3*v - 24*v + 459 = 0. Suppose -o + v*o = 112. Give p(o).
-1
Let f(k) be the second derivative of k**4/6 + k**3 + 2*k**2 - 10*k + 421. Let v = 7 - 11. What is f(v)?
12
Let n(y) = y**3 - 9*y**2 + 10*y - 11. Let x be n(8). Let r(u) = u + 21 - 9 - x - 11. Give r(10).
6
Let c(o) be the first derivative of -179 + 1/4*o**4 + o**2 + 0*o**3 - 15*o. Give c(0).
-15
Let p(h) = -4*h - 10. Suppose -4*z + 7 = 3*z. Let i be (1 - 2 - -22) + 0/z. Suppose 7*n + i = 4*n. Determine p(n).
18
Suppose 0 = z + 22 - 28. Let u(v) = -6*v - 5. Let h(q) = -6*q - 4. Let a(o) = -5*h(o) + 6*u(o). Let c(f) = f + 1. Let m(k) = -3*a(k) - 21*c(k). Give m(z).
-9
Let a(g) = 13*g**3 - 37*g**2 + 26*g - 46. Let y(q) = -7*q**3 + 19*q**2 - 13*q + 24. Let v(d) = -6*a(d) - 11*y(d). What is v(12)?
0
Suppose -f + 40 = 4*f. Let i(q) = -1 + 9*q - 30*q + 12*q + f*q. Suppose -5*c + 4*c - 4*c = 0. What is i(c)?
-1
Let d(c) = -13*c + 6. Let f(b) = b + 2. Let k(s) = 2*d(s) - 6*f(s). Let g be (-1)/(-7 + -1 + 7). Determine k(g).
-32
Let o(h) = -4*h + 11. Suppose 6*f + 41 - 5 = 0. Let m(i) = 4*i + 33. Let x be m(f). Determine o(x).
-25
Let w(g) be the first derivative of -2*g**3/3 - g**2/2 - g + 13. Let o be ((-28)/10 - -1) + (-2)/10. What is w(o)?
-7
Let o(g) = g**2 - 2*g + 2. Suppose -n + 2*w = -3, 2*n + 21*w = 23*w + 4. Let a(q) = q**3 - 12*q**2 + 17*q - 18. Let b(u) = n*a(u) + 4*o(u). Determine b(7).
4
Let r(g) = 5*g**2 + 49*g + 28. Let j(u) = -3*u**2 - 27*u - 18. Let d(k) = 7*j(k) + 4*r(k). Give d(5).
-4
Let j be (-2 + 1)*14/((-84)/18). Let c(a) = -j - 3 + 9 + 6 + a - 25. Determine c(13).
-3
Let q(z) = 2*z**2 - 103*z + 140. Let y be q(50). Let x(s) = -2*s - 6. Determine x(y).
14
Let m(g) be the third derivative of -2*g + 1/60*g**5 + 7/12*g**4 + 0 - 4*g**3 + 110*g**2. What is m(-15)?
-9
Let g(t) = -98*t + 1961. Let b be g(20). Let h(q) = 2*q - 15*q**2 - 3*q + 2 - q. Calculate h(b).
-15
Let y(n) = -n + 5. Suppose -a + 2*t = -104, 284 = -a + 4*a + t. Suppose 3*p + a = -21*p. What is y(p)?
9
Suppose 2*n + 30*x = 25*x - 24, 0 = -3*n - 5*x - 51. Let d(y) = y**3 + 26*y**2 - 27*y - 3. Determine d(n).
-3
Suppose 4*o - 5*z + 59 = 0, 4*o = 42*z - 41*z - 63. Let c(n) = n**2 + 12*n - 31. Give c(o).
33
Let k(p) = 9 + 15*p + 36*p + 19*p - 71*p. Let c be ((-3)/(-2))/((-9)/(-24)). Suppose -3*d - 5 = -c*d. Calculate k(d).
4
Let x be (-1 - -1)/(3*(-6)/(-9)). Let q(s) = x + 14*s - 3 - 22*s - s**2 + 12*s. Calculate q(4).
-3
Let w(h) = h**3 - 4*h**2 - 2*h - 1. Let z be (1/(-2))/((10/2)/2770). Let s = -273 - z. Give w(s).
-9
Let p be (-3)/(3/2) + 15/(-5). Let d(t) = t**2 - 9*t. Let f(z) = -2*z**2 + 18*z. Let i(x) = p*d(x) - 3*f(x). Let k(a) = 3*a - 3. Let r be k(4). Calculate i(r).
0
Let y(c) = -32*c**3 + 2*c**2 - 1. Let i be 4 + (-135)/180 + 9/(-4). What is y(i)?
-31
Let p = 2 - 0. Let y(r) = r**3 - 3 - p*r**2 - 5*r**2 + 2*r**2. Suppose -15*g = 2*v - 11*g, 3*g + 22 = 4*v. Calculate y(v).
-19
Let f(a) = 8*a + 1. Let z(l) = -162*l - 18. Let s(y) = -21*f(y) - z(y). Let h = 7 - 3. Suppose -r - h = r. Determine s(r).
9
Let h(j) = 11*j**3 + j**2 - 17*j - 9. Let s(w) = 13*w**3 + w**2 - 18*w - 11. Let u(g) = -6*h(g) + 5*s(g). Determine u(3).
-1
Let y(m) be the second derivative of m**4/12 - 13*m**3/3 + 13*m**2/2 - 96*m - 2. What is y(24)?
-35
Suppose o + 15*v - 27 = 10*v, -2*o + 2*v = 6. Let r(l) be the first derivative of 1/4*l**4 + 7/3*l**3 - 13 + 0*l - 7/2*l**o. Determine r(-8).
-8
Let p(r) be the third derivative of -r**5/60 + 9*r**4/8 + 23*r**3/2 - 2432*r**2. Calculate p(29).
11
Let k be (1 + -2)*-1 - -5. Let w = -3 - -12. Let t(d) = -w*d**2 + 0*d**3 + 21*d - 8 - 11*d + d**3 + 2*d**2. Calculate t(k).
16
Let k(v) = 6*v + 4. Let y = -4688 + 4681. Calculate k(y).
-38
Let v(w) = 5*w**2 + 3*w - 2. Suppose 52 = -2*z + 6*z. Suppose z = 5*d - 4*l, -7*d = -2*d + 2*l - 1. Determine v(d).
6
Let g(d) = d**3 + 11*d**2 + 5*d + 15. Suppose -41 - 34 = 5*x - 4*m, -5*x - 5*m - 30 = 0. Determine g(x).
-40
Let z(n) = -75*n + 3*n + 1 + 62*n - 3. Calculate z(1).
-12
Let c(z) = -z**2 + 9*z - 12. Let t be c(7). Suppose 5 = 3*l - 4*s - t, -l = -3*s + 1. Let h(m) = 40 - 7*m + m + 43 - 4*m**2 + m**3 - 76. What is h(l)?
2
Let c(t) = 12*t. Let a(b) = -b + 23. Let s be a(11). Let v be s/(-9) + (-10)/(-3). Suppose 4 = -2*l + v. Calculate c(l).
-12
Let t(f) = -f + 3. Let c(z) = -5*z**2 + z**3 - 260 - z**2 - 7*z + 254. Let a be c(7). Determine t(a).
9
Suppose -4*k - 37 = -29, 3*m - 4*k = 23. Let g(o) = -2*o + 1. Let h be -6*((-2 - -5) + -4). Let c(w) = -6*w + 4. Let f(a) = h*c(a) - 17*g(a). Determine f(m).
-3
Suppose 3*c = 15, -4*r - 40*c + 41*c - 5 = 0. Let y(a) = -5*a - 10. Give y(r).
-10
Let s(x) be the second derivative of x**4/12 - 5*x**3/6 + 5*x**2/2 + 2*x. Let v be -225 + 231 + 4/2 + -2. Give s(v).
11
Let k(a) = -a**3 - 17*a**2 - 10*a + 101. Let v be k(-16). Let m(x) be the third derivative of 0*x**4 + 0 + 0*x + 1/60*x**5 + 7/